re the prime factors of i(6)?
2, 19, 43
Let w = 4294 - 2196. What are the prime factors of w?
2, 1049
Let g(i) be the second derivative of i**4 - 3*i**2/2 - 10*i. Let t be g(-2). Suppose 5 = 5*q - t. List the prime factors of q.
2, 5
Suppose o - 7 + 3 = 0. Suppose -4*y - 2*m + 629 = y, -o*y - 5*m + 510 = 0. List the prime factors of y.
5
Suppose -x - 1 = 0, 5*x + 76 = 2*f - 729. List the prime factors of f.
2, 5
Let t = 4 - 2. Suppose -5*n - 26 = -3*k + t*k, 0 = 5*n + 20. List the prime factors of (-4)/k*(-66)/4.
11
List the prime factors of 3089 - (-3 - 2) - 7.
3, 7
Let g(b) = 3*b + 42. Let d be g(-13). Suppose -d*x - 15 = 0, 5*s + 5*x = s - 13. List the prime factors of s.
3
Let u(w) = 4*w**2 + 19*w - 107. What are the prime factors of u(-24)?
1741
Let r(w) = -w**3 + 30*w**2 - 69*w + 103. What are the prime factors of r(26)?
1013
Suppose 3*c = 7*c + 136. Let a = 23 + c. Let x(k) = -k**3 - 10*k**2 + 11*k + 10. What are the prime factors of x(a)?
2, 5
Suppose -2*m + 3*b + 13 = 2*b, 2*m - 3*b - 23 = 0. Suppose 0 = -m*q + 3*q + 49. What are the prime factors of q?
7
Let q(o) be the second derivative of o**7/840 + o**6/144 + 7*o**5/60 - o**4/2 - o. Let z(b) be the third derivative of q(b). List the prime factors of z(-4).
2, 3, 7
Let x(f) be the third derivative of 2*f**2 + 0 - 1/24*f**4 - 1/24*f**6 + 0*f**3 + 1/60*f**5 + 0*f. List the prime factors of x(-2).
2, 23
Let k(g) = 8*g**3 + 11*g**2 - 6*g - 71. What are the prime factors of k(8)?
31, 151
Let j(n) = -n**3 + 34*n**2 - 76*n + 25. List the prime factors of j(29).
2, 1013
Let a(i) = 598*i**2 - 5*i - 5. List the prime factors of a(-1).
2, 13, 23
Suppose 20*c - 36*c = -13216. What are the prime factors of c?
2, 7, 59
Suppose -4*p = -b + 3, 5*b + 4*p - 7*p = 32. Suppose 920 = 15*h - b*h. List the prime factors of h.
5, 23
Let k be (-32)/20*(-5)/2. Suppose 0 = -k*u + 186 + 50. What are the prime factors of u?
59
Suppose -2*g + s = -706 - 786, -4 = 2*s. What are the prime factors of g?
5, 149
Let k = 734 + -439. List the prime factors of k.
5, 59
Suppose 24*j - 21*j = 0, -5*i = j - 7300. List the prime factors of i.
2, 5, 73
Let j = -3147 + 3515. List the prime factors of j.
2, 23
Let d(m) be the second derivative of -m**5/20 + 2*m**4/3 - 7*m**3/6 - 9*m**2/2 + 6*m. Let u be d(7). Let s = u + 17. What are the prime factors of s?
2
Let h(o) = 2*o + 21. Let m be h(-7). Suppose -u = -m*u + 12. What are the prime factors of u?
2
Let a(k) = 53*k - 254. List the prime factors of a(9).
223
Suppose -3*q - 2104 = -j, -3*q - 18 + 12 = 0. List the prime factors of j.
2, 1049
Suppose -k - 91 = -2*k. Let o be (-14)/k - (-297)/(-13). Let r = 63 + o. What are the prime factors of r?
2, 5
Let a(c) = -26*c - 26. List the prime factors of a(-18).
2, 13, 17
Suppose -2*z - 87 = 3*z - 4*t, -3 = -t. What are the prime factors of 897/15 + -2 + (-33)/z?
2, 3, 5
Let o be 7/2 + 6/(-4). Suppose 0 = -q - 1 + o. Suppose 2*z + 5*u = -3*z + 15, u + q = z. List the prime factors of z.
2
Suppose -420 + 41 = -k. List the prime factors of k.
379
Let u(j) = 71*j + 11. List the prime factors of u(5).
2, 3, 61
Let q be 96 - ((3 - 6) + 2). Let l = q - 33. What are the prime factors of l?
2
Suppose 0 = 5*f - 15, -3*c - 2*f = -0*f. Let t be c/((-6)/27) - 1. Suppose v - 9 = -4*b, t*b + 170 = 5*v + 3*b. List the prime factors of v.
29
Suppose -2*b = g + 3*g - 66, -3*b + 51 = 3*g. Let x be (26/3)/((-2)/(-6)). Let h = x - g. List the prime factors of h.
2, 5
Let j = 2365 + -558. List the prime factors of j.
13, 139
Let f be (4/6)/(8/(-12) - -1). Suppose 0*a + 46 = 4*b + f*a, -2*a = 5*b - 56. List the prime factors of b.
2, 5
Suppose 148 = u - 516. What are the prime factors of u?
2, 83
Suppose -3*v + 6*v + 4*w - 127 = 0, -4*v + 184 = -2*w. Suppose -5*p = -6*p + v. List the prime factors of p.
3, 5
Let m = -830 + 1461. What are the prime factors of m?
631
Suppose -28577 = -44*b + 3*b. What are the prime factors of b?
17, 41
Let f(o) = -o - 1. Let k(w) = -4*w**2 - 2*w + 8. Let s(a) = -4*f(a) - k(a). What are the prime factors of s(-6)?
2, 13
Let w = -8 + 8. Let y(m) = m**2 + m + 5. Let x be y(w). Suppose -9 = -x*h + 4*h. What are the prime factors of h?
3
Suppose 0*w = 5*w - 25. Suppose 311 = 3*z - w*t, -3*t + 113 = -3*z + 4*z. List the prime factors of z.
107
What are the prime factors of (21/(-6))/(706/236 - 3)?
7, 59
Suppose -26 = u + 3*v - 103, 5*v = 2*u - 209. List the prime factors of u.
2, 23
Let a = -998 - -2292. List the prime factors of a.
2, 647
Let q(d) = d**3 + 9*d**2 + 9. Let v be q(-9). Suppose 6*m + v = -3. What are the prime factors of (-1530)/(-75) + m/5?
2, 5
What are the prime factors of 3918/((-85)/10 + 10)?
2, 653
Suppose 0 = -3*h + 5*h - 12. Let x(n) be the third derivative of n**4/24 + n**3/6 + 2*n**2. What are the prime factors of x(h)?
7
Let f(i) = i - 8. Let s(v) = -1. Let y(l) = -f(l) - s(l). Let r = -147 - -147. What are the prime factors of y(r)?
3
Suppose -4*l - l + 5 = -2*n, 4*l + 19 = -3*n. Let h be 2/((2 + l)*1). Suppose -b = -0*b - h. What are the prime factors of b?
2
Let a = -67 + 175. List the prime factors of a.
2, 3
Let p = 574 + 1683. List the prime factors of p.
37, 61
Let p be (-3)/(-27) - 104/(-36). Suppose w + 6 = v + p*w, 3*v - 4 = w. Suppose -v*t + 0*t + 2*d + 92 = 0, -t - 5*d = -64. List the prime factors of t.
7
Let d = 153 - -135. List the prime factors of d.
2, 3
Let h = -4003 - -6439. What are the prime factors of h?
2, 3, 7, 29
Suppose -268*j + 286*j = 47250. List the prime factors of j.
3, 5, 7
Suppose -4*h = -6*h + 398. Suppose 6*g = h + 137. List the prime factors of g.
2, 7
Let i be -1 + (-10)/15*9. What are the prime factors of (-12)/(-42) + (-278)/i?
2, 5
Let x be 24/9*6/4. Suppose -202 = 5*d + x*v, 0 = 4*d - v - 3*v + 176. Let j = d + 84. List the prime factors of j.
2, 3, 7
Suppose -3*m = -8*m + 1335. Let u = m + -60. List the prime factors of (-16)/12*u/(-6).
2, 23
Suppose -298*f - 9324 = -326*f. What are the prime factors of f?
3, 37
Let o(p) = 48*p**2 - 10*p + 4. List the prime factors of o(4).
2, 3, 61
Suppose -17*h = -10*h - 6062. List the prime factors of h.
2, 433
Suppose -3*p + 50 - 20 = 0. Suppose 5*w = -p, 0 = -5*k - w - 155 + 998. List the prime factors of k.
13
List the prime factors of (10/(-25))/((-4)/48500).
2, 5, 97
Let p be 16/(-10)*(652/(-8) - -4). Let u = p - 74. List the prime factors of u.
2, 5
Suppose -35*j + 425 = -36*j. List the prime factors of (j/(-10) + 6)*(0 + 2).
97
Let f(u) = -3*u - 16. Let k(i) = 2*i + 17. Let h(o) = 4*f(o) + 5*k(o). What are the prime factors of h(6)?
3
Let u(h) = 3*h**3 - 14*h**2 - 18*h + 2. Let p be u(16). List the prime factors of p/30 - 4/(-10).
281
Suppose 4*s + 2*m - 643 - 27 = 0, -4*s = 3*m - 675. Suppose -29*v + 24*v = -s. What are the prime factors of v?
3, 11
Let m(b) = 34*b**2 + 3*b - 2. Let n = 36 - 35. List the prime factors of m(n).
5, 7
Let v be 160/26 - (160/26 - 6). Suppose l = -4*a + 217, v*l = -4*a + 3*l + 227. What are the prime factors of a?
53
Suppose -11 = -2*l + 4*r + 19, -2*l = -5*r - 30. Suppose 0 = 7*y - l*y + 2664. List the prime factors of y.
3, 37
Let p be (-32)/(-6)*51 + -2. Suppose -p - 18 = -4*x. What are the prime factors of x?
2, 3
Let w = -290 - -734. What are the prime factors of w?
2, 3, 37
Suppose 38*v = 67281 + 92319. List the prime factors of v.
2, 3, 5, 7
Let u be 3/(-3 + 0) + 6. Suppose u*z + 20 = 10*z. Suppose -4*w + 96 = 4*f, w + 88 = z*f - 3*w. List the prime factors of f.
23
Suppose -211 = -23*a + 1123. List the prime factors of a.
2, 29
Suppose 10*w + 6 = 7*w. List the prime factors of (133/(-76))/(w/88).
7, 11
Let i be (-4 - -4) + 24/4. Suppose 0 = 5*q - 4*o - 317, 323 = -q + i*q - o. List the prime factors of q.
5, 13
Let c = -18 - -84. What are the prime factors of (c/4 - -1)/(37/74)?
5, 7
Let o = 40 + -24. Let q = o + 2. Let y = -1 + q. List the prime factors of y.
17
Suppose -4*x - 20 = c - 4*c, c = -x + 2. Let t = 25 - c. Suppose 2*l = 3*l + 3*r - 17, -l + t = 5*r. What are the prime factors of l?
11
Let p = 36 - -876. List the prime factors of p.
2, 3, 19
Let u(l) = -10*l**2 + 2*l + 3*l**3 + 19*l**2 - 4 - 4*l**3 - 2. Let r be u(9). Suppose 0 = -f + 44 + r. List the prime factors of f.
2, 7
Suppose 0*t + 39 = -3*t. Let s(r) = -r**3 - 10*r**2 + 33*r + 19. What are the prime fact